32
In base 13, what is -7 - -2a2238c?
2a22385
In base 4, what is -201103312102 + -1?
-201103312103
In base 6, what is 5553315501 + 2?
5553315503
In base 15, what is -2 + 34a37?
34a35
In base 12, what is -16 - 22742a?
-227444
In base 7, what is 6410 + 22150?
31560
In base 8, what is -352205 - -154?
-352031
In base 3, what is -12121211201211 - 21000?
-12121211222211
In base 7, what is 2344 - -122531?
125205
In base 14, what is 3960669 - -4?
396066d
In base 14, what is 4 + -17d18d?
-17d189
In base 14, what is 2 + 6b9c595?
6b9c597
In base 2, what is 101 + -100101110010110001?
-100101110010101100
In base 2, what is 1011100001 - -10010000111111000?
10010010011011001
In base 12, what is 8371 + -257?
8116
In base 10, what is -317 + 136397?
136080
In base 7, what is -114020412 + 201?
-114020211
In base 2, what is 100 - -1101100011001101010101?
1101100011001101011001
In base 8, what is -306 - -5103?
4575
In base 9, what is -1286 + 63432?
62135
In base 14, what is 7b84 - 45?
7b3d
In base 9, what is 25 - 4106477?
-4106452
In base 12, what is -714a3 + -255?
-71738
In base 9, what is 204011430 + -5?
204011424
In base 7, what is 1 + -212022446?
-212022445
In base 14, what is 4 + -6347a?
-63476
In base 14, what is -456 + -b0244?
-b069a
In base 10, what is 2225424 - -68?
2225492
In base 6, what is -104 + -2415210?
-2415314
In base 15, what is a904 + 99?
a99d
In base 2, what is -1110110010100 + -1101000100101?
-11011110111001
In base 5, what is 1 + -3411403214?
-3411403213
In base 15, what is 5ea6946 + -5?
5ea6941
In base 14, what is 4 + -886684?
-886680
In base 11, what is -aa12107 + 0?
-aa12107
In base 10, what is 15510393 - 4?
15510389
In base 10, what is 5 + 1503038?
1503043
In base 16, what is -4 - -4c320?
4c31c
In base 4, what is -102 + -10001213020?
-10001213122
In base 15, what is 287ac6a + 4?
287ac6e
In base 12, what is -3 - 166797b?
-1667982
In base 12, what is 126 - 38646?
-38520
In base 9, what is -2 - -1166344?
1166342
In base 12, what is -8a10b601 + -1?
-8a10b602
In base 7, what is 220024 + 330?
220354
In base 5, what is -411 + -213042032?
-213042443
In base 10, what is 49094660 + -2?
49094658
In base 13, what is -34 + 1667851?
166781a
In base 16, what is -dcb2 + -d5?
-dd87
In base 13, what is 144 - 5763b9?
-576275
In base 3, what is 200022202 + -10010?
200012122
In base 4, what is 200313232 - 1213?
200312013
In base 2, what is 1101110111011001010110011 + 100?
1101110111011001010110111
In base 15, what is 3c228b + -6?
3c2285
In base 3, what is -200121012 - -10102000?
-120012012
In base 3, what is 10 - 1002122002202?
-1002122002122
In base 3, what is -1 + 111010110010212?
111010110010211
In base 2, what is 1000100100010110010111 - 10010?
1000100100010110000101
In base 10, what is 5 + 62793177?
62793182
In base 7, what is 0 + 202322654?
202322654
In base 3, what is 11122222102 - 2021101?
11120201001
In base 14, what is -2ab3309 + 8?
-2ab3301
In base 12, what is -94a734 - 70?
-94a7a4
In base 2, what is -11010100101000 + 1110?
-11010100011010
In base 12, what is 5 + -362235b4?
-362235ab
In base 11, what is -27415 - -41a?
-26aa6
In base 7, what is 14 + 16122024?
16122041
In base 10, what is -6 - -725720?
725714
In base 11, what is 10 + 52260a8?
5226108
In base 13, what is 9 - -bb6c5bc?
bb6c5c8
In base 9, what is 208 + -8017508?
-8017300
In base 11, what is -1169273 + 4?
-116926a
In base 3, what is 10 - -1001121210110222?
1001121210111002
In base 5, what is -1101140 - -23040?
-1023100
In base 2, what is 1101101000010111110 + 10?
1101101000011000000
In base 11, what is -3 - 2481536?
-2481539
In base 15, what is 0 + 68b731?
68b731
In base 6, what is -50225225240 + 1?
-50225225235
In base 12, what is -25aa687b + 1?
-25aa687a
In base 10, what is -2045 + -18011?
-20056
In base 12, what is 952 - -35b?
10b1
In base 11, what is -5 - -430282?
430278
In base 11, what is -867 + 1a51a?
19763
In base 12, what is -56831b9 - -2?
-56831b7
In base 12, what is -51403 - 1923?
-53126
In base 8, what is 733247 + 1057?
734326
In base 16, what is 2cbab + -79?
2cb32
In base 11, what is 4 - -10920a56?
10920a5a
In base 3, what is -1 - -121020100101202?
121020100101201
In base 9, what is 51 - 1263551?
-1263500
In base 5, what is 32022034233 - 3?
32022034230
In base 16, what is 39 - -21eba?
21ef3
In base 16, what is d5662 + 10?
d5672
In base 9, what is 22 - -2536318?
2536341
In base 13, what is 122a - -143bb?
15618
In base 14, what is 3c2b - -57ca?
9617
In base 16, what is 375a - -12fe9?
16743
In base 7, what is -6045554 - 113?
-6046000
In base 3, what is 2210110 + -10012101?
-101221
In base 9, what is 65428 + -107?
65321
In base 5, what is -231101004244 + 4?
-231101004240
In base 7, what is 135 + -2303004?
-2302536
In base 14, what is 239b63 + 3?
239b66
In base 3, what is 2 + -122100122110210?
-122100122110201
In base 6, what is 45202 - 10030?
35132
In base 11, what is 13 + 2494730?
2494743
In base 10, what is 5 + -1509910?
-1509905
In base 16, what is -c84 + a18?
-26c
In base 12, what is 131520a + 3?
1315211
In base 2, what is 1010 - -1001110010101101111011100?
1001110010101101111100110
In base 12, what is a28 - -430a2?
43b0a
In base 4, what is 1323333021021 + -3?
1323333021012
In base 2, what is -1010 - -110001010010110101010101011?
110001010010110101010100001
In base 4, what is 111302 - -2212021?
2323323
In base 9, what is 124336766 + 0?
124336766
In base 15, what is 10b1 + 4909c?
4a15d
In base 7, what is -221046 - -4?
-221042
In base 9, what is -21 - 1145185?
-1145216
In base 10, what is 608693 + 6?
608699
In base 9, what is 1213353 + -1?
1213352
In base 6, what is -1 - -43353130?
43353125
In base 10, what is 62548167 - 1?
62548166
In base 9, what is 80 - -647?
737
In base 15, what is 0 - -202741?
202741
In base 11, what is -3968 - -424aa?
39642
In base 4, what is 1232331 + -22301?
1210030
In base 15, what is -2659e04 + 18?
-2659ddb
In base 11, what is 5093 + 3a8?
5490
In base 2, what is -100 + -11000000001111100101?
-11000000001111101001
In base 8, what is 641 - -761373?
762234
In base 7, what is 20263341 + 13?
20263354
In base 2, what is 111000001001 + -1011010101010001001?
-1011001110010000000
In base 14, what is -146 - -1bc594?
1bc44c
In base 13, what is 0 - 222742?
-222742
In base 7, what is -401655 + -15?
-402003
In base 6, what is -14 - -1143044013?
1143043555
In base 7, what is 43253 + -10164?
33056
In base 15, what is 2 - -13c28c0?
13c28c2
In base 2, what is -1110101100101101 + -11101001010010?
-10010010101111111
In base 8, what is 2 - 75172666?
-75172664
In base 15, what is c56 + -4b?
c0a
In base 5, what is 1320113011 + 0?
1320113011
In base 11, what is 808 - 10093?
-a386
In base 2, what is 0 - 101010001111010001111?
-101010001111010001111
In base 15, what is 2 + -b8dac?
-b8daa
In base 7, what is -51301 + -15553?
-100154
In base 15, what is 106b4 + -27b?
10438
In base 7, what is 12140 - -11451?
23621
In base 12, what is 4 + -9483b7?
-9483b3
In base 16, what is -89 - -12829?
127a0
In base 12, what is 30b - 93b0?
-90a1
In base 2, what is -1 + 111000011001010101?
111000011001010100
In base 5, what is -144040 - -123203?
-20332
In base 14, what is a - 2320a92?
-2320a86
In base 12, what is -8 - -3682786?
368277a
In base 2, what is 1 + -1001010111011010101?
-1001010111011010100
In base 14, what is 3 + 13057a2b?
13057a30
In base 6, what is -101132513 - -420?
-101132053
In base 12, what is 5906 + 4a9?
61b3
In base 14, what is 14722177 - 7?
14722170
In base 7, what is 23421 - -13634?
40355
In base 13, what is -37624 + -57?
-3767b
In base 14, what is 9 - 50b44?
-50b39
In base 15, what is -10957d + 3?
-10957a
In base 12, what is -4 + 27665148?
27665144
In base 12, what is 1a82a53a - -5?
1a82a543
In base 13, what is 9c43b + -204?
9c237
In base 8, what is 2405 - -5604?
10211
In base 10, what is -11133552 + -3?
-11133555
In base 4, what is 200321 - -3211321?
10012302
In base 4, what is -113010332330 + -11?
-113010333001
In base 16, what is -1e1f9 - -3?
-1e1f6
In base 13, what is 1b2a9 - 3b?
1b26b
In base 4, what is -31013201 - -12112?
-31001023
In base 3, what is 212 - -120111112122?
120111120111
In base 14, what is 5 - -35c17c?
35c183
In base 14, what is 8a02 - 13?
89cd
In base 8, what is -175 - 1137100?
-1137275
In base 8, what is -367353 - 472?
-370045
In base 5, what is 1